14. Suppose p = -5*u - 5. Calculate the remainder when 172 is divided by (25/u)/(13/(-26)).
22
Let u(n) = -3*n + 41. Let f be u(22). Suppose 0 = 5*p + 2*d - 237, p - 2*d = 2*p - 49. Let t = p + f. Calculate the remainder when 87 is divided by t.
21
Let k(c) = -8*c + 8. Suppose 0 = -11*h + 7*h - 20. Calculate the remainder when k(h) is divided by 13.
9
Let x = -59 + 48. Let s = 6 - x. Let n = -91 - -140. Calculate the remainder when n is divided by s.
15
Suppose -g - 2*j + 36 = 6, 2*j = 6. Let x(i) = -i**3 + 19*i**2 - 81*i - 17. Let q be x(7). Calculate the remainder when (q/g*4)/((-2)/(-54)) is divided by 10.
8
Let s = -4124 + 4217. What is the remainder when 392 is divided by s?
20
Let f(p) = 2*p**3 + 289*p**2 - 434*p + 626. Calculate the remainder when 42965 is divided by f(-146).
41
Suppose -249*i + 247*i - 19 = -b, -2*b = 4*i - 54. Calculate the remainder when 134 is divided by b.
19
Suppose -49 + 9 = 5*y + 5*d, -2*y - d = 11. Suppose -8*k + 18 = -5*k. What is the remainder when k is divided by y/2*130/(-39)?
1
Let q(m) = -2*m**2 + 4*m**2 + 7*m**3 - 3*m - m + 2 - m**2. Calculate the remainder when q(2) is divided by 11.
10
Let l(y) = -9 + 0 - 14 + 2*y + 1. Let h = -223 - -262. What is the remainder when h is divided by l(16)?
9
Calculate the remainder when (-5 + 429/65)*(5202 - -3) is divided by 14.
12
Suppose 5*b = q + 279, 2*b + 8*q - 102 = 10*q. Calculate the remainder when 1363 is divided by b.
52
Suppose -2498 - 1605 = -25*d - 978. What is the remainder when 2970 is divided by d?
95
Suppose 2*s = 98 - 518. Calculate the remainder when 60/s - (-1418)/14 is divided by 17.
16
Suppose 7*w - 3*w - 32 = 0. Suppose 78 = -w*x + 11*x. Suppose 25*g - 23*g - x = 0. What is the remainder when g is divided by 7?
6
Let f(p) = -284*p + 14. Let a be f(2). Let j = -390 - a. What is the remainder when j is divided by 36?
20
Let k(i) = i**2 - 23*i - 58. Let f be k(16). Let d = f - -288. Calculate the remainder when d is divided by 30.
28
What is the remainder when 3299 is divided by ((-2)/5 + 2)/(21/((-6930)/(-4)))?
131
Let i(l) = -63*l - 863. Suppose 110 = 6*f - 316. Calculate the remainder when f is divided by i(-14).
14
Let a(r) = r**3 + 7*r**2 + 4*r - 4. Let q = 142596 - 142503. What is the remainder when q is divided by a(-5)?
15
Let o = 333 + -283. Calculate the remainder when 178 is divided by o.
28
What is the remainder when ((-2)/7)/((-16)/(-56)) - -1200 is divided by 18?
11
Let v = 79 + -47. Suppose 0 = 2*j - 4*j - 5*c - 8, -5*j = -c + 20. What is the remainder when (2/j)/((-5)/620) is divided by v?
30
Let m(l) = -l**3 + 14*l**2 - 16*l - 5. Let z be m(12). Suppose -u - z = -2*u. Let t = u - 71. What is the remainder when 138 is divided by t?
18
Suppose -3*t + 206 = -t. Let q = -92 + t. What is the remainder when 28 is divided by q?
6
Suppose -36*r + 2114 = 530. What is the remainder when r is divided by (5 - 8) + (1 - -27)?
19
Let r be (-10)/35 - 541/(-7). Suppose 4*h - 96 = -2*b, 5*h - b = 2*h + r. What is the remainder when 274 is divided by h?
24
Suppose 95*v = 97*v, -3*w + 98469 = -v. Calculate the remainder when w is divided by 88.
87
Let u = 80 + -24. Suppose 22*j - 6*j + 4928 = 0. Let m = -288 - j. Calculate the remainder when u is divided by m.
16
Calculate the remainder when 506 is divided by (-8)/56*-7*(260 + -11).
8
Suppose -n - 68*b + 67*b + 686 = 0, -2002 = -3*n + 4*b. What is the remainder when n is divided by 90?
48
Calculate the remainder when ((-40200)/(-240))/(15/18) is divided by 135.
66
Suppose -66*v = -2231 - 1927. Suppose -3*z = -5*t + 860 - 223, 0 = -5*t - z + 621. Calculate the remainder when t is divided by v.
62
Suppose 0 = -256*h + 260*h + 1984. Let p = h + 504. Calculate the remainder when 45 is divided by p.
5
Let g be 160/6*(-6)/(-4). Suppose -f + 22 = 3*k, 3*k + 2*f - g = -17. What is the remainder when k is divided by -1 - (-1 + -6 - -3)?
1
Let o be -19 + (-3)/6*4. Let q = 24 + o. Suppose 3*a + 0*v - q*v = 108, -18 = -a - 5*v. What is the remainder when 164 is divided by a?
32
Let h be -3 + 0 - (-1 + -16). Suppose -17*p + 16*p = h. Let o = -1 - p. What is the remainder when 23 is divided by o?
10
Calculate the remainder when 1101 is divided by -1 - (16 + -11 + (-45)/5).
0
Suppose -87 = 3*b - 72, 413 = 3*h - 4*b. Calculate the remainder when 482 is divided by h.
89
Suppose -5*z + 130 = -100. Suppose 0 = -57*h + z*h + 506. What is the remainder when 137 is divided by h?
45
Suppose 0 = -6*g + 2*g + s + 201, -4*s = 4*g - 196. Let f = 109 - 75. Suppose 4*n - g - f = 0. Calculate the remainder when n is divided by 12.
9
Suppose 0 = -12*z + 16*z - 56. Let p(m) = 12 - 9*m + 17 - 27. Calculate the remainder when p(-4) is divided by z.
10
Let n be (-15)/6*(-54)/15. Suppose 49 = n*o + 13. Suppose o*h - 135 = 93. What is the remainder when h is divided by 29?
28
What is the remainder when 245 is divided by ((5472/30)/12)/((-5)/(-25))?
17
Calculate the remainder when 375 is divided by 30/2 - -3*(-2 - 1).
3
What is the remainder when 5389 is divided by -59 - -38 - -18 - (-53 + 1)?
48
Let q be (-23)/(4 - 76/20). Calculate the remainder when (4 - (0 + 2))*267/6 is divided by (3/15)/((-1)/q).
20
Let h = 280 - 277. Suppose -5*d = q + h*q - 219, -2*d - 5*q + 91 = 0. What is the remainder when 130 is divided by d?
1
Suppose 6*a - 155 = 4*a - 3*t, -t + 161 = 2*a. What is the remainder when a is divided by 30?
22
Let q = -1 - -14. Let h = 59 + 117. Let z = h + -128. Calculate the remainder when z is divided by q.
9
Let t = -653 + 679. What is the remainder when 29 is divided by t?
3
Suppose 4*w + 71 = -y + 22, y - 16 = w. Let b = -4 - w. Let f(j) = j**3 - 8*j**2 - 8*j + 16. Calculate the remainder when 95 is divided by f(b).
20
Let n = 1319 + -990. Calculate the remainder when 1320 is divided by n.
4
Suppose -151 = -4*s - 4*r - 115, -42 = -4*s - 2*r. What is the remainder when 191 is divided by s?
11
Let s = 266 - 141. Suppose 5*w = 5*y, -5*w + 5*y = 4*y. Suppose -2*j + s + 77 = w. Calculate the remainder when j is divided by 26.
23
Let t(q) = -31*q**3 + 6*q + 18. What is the remainder when 1301 is divided by t(-2)?
31
Let p(a) = -a**3 - a**2 - 10*a - 1. Let g = 25 - 3. Calculate the remainder when p(-6) is divided by g.
19
Let k = -204 - -143. Let f(g) = 9*g**2 - 2*g + 6. Let d be f(-3). Let t = k + d. Calculate the remainder when 90 is divided by t.
26
Let m = -189905 - -189923. Let d(k) = 22*k**2 + 3*k + 4. Calculate the remainder when d(-3) is divided by m.
13
Let x = 1905 + -254. What is the remainder when x is divided by 92?
87
Let a(l) = l**3 - 15*l**2 + 16*l + 13. Let y = -713 - -429. Let s = 404 + y. What is the remainder when s is divided by a(14)?
38
Suppose 4*g = -0*g + 172. Suppose 3*x + 3*m + m = -4787, -5*x - 8021 = -4*m. Let k = 1609 + x. What is the remainder when g is divided by k?
3
Let a(q) = -2*q + 3. Let f be a(-7). Suppose f*h - 23*h = -306. Calculate the remainder when 254 is divided by h.
50
Let h be (-1 - 0)/(7/511). Let s = -43 - h. What is the remainder when 142 is divided by (6/(-5))/(-2 + 59/s)?
34
Let k(r) = 5*r**3 + r**2 - 4. Let q be k(-2). Let s = q - -42. Suppose -s*n + n = -70. Calculate the remainder when n is divided by 24.
22
Let z(m) = 2*m**3 - 23*m**2 + 3*m + 93. Calculate the remainder when 19 is divided by z(11).
4
Suppose 3*u - 25 = -4*l, 4*l + 14682 = -u + 14733. Suppose 5*n - 3193 = -3*z, 2*n - 1281 = -4*z - z. Calculate the remainder when n is divided by l.
14
Suppose -16 = 2*i + 2*i. Let g be (-2)/(i/24*(-3)/4). Calculate the remainder when 60 is divided by (372/g)/((-3)/4).
29
Calculate the remainder when 669 is divided by ((-168)/9)/((10/6)/(-5)).
53
Suppose 3 = 3*t, -v = -0*v - 3*t - 35. Let l(n) = -47*n**2 - n**3 + n - 2*n + 45*n**2 - 2*n + 188. Calculate the remainder when l(0) is divided by v.
36
Suppose 5*h - 4*u - 178 = 317, -437 = -4*h - 5*u. Let n = h - 101. What is the remainder when 24 is divided by (100/25)/(1/n)?
0
Let p = -2053 + 2173. What is the remainder when 400 is divided by p?
40
Suppose y - 190 = 5*g, -4*y = 15 + 5. Let v = g - -44. Suppose -2*z = -0*a - v*a - 10, 5*z - 60 = -5*a. What is the remainder when 17 is divided by z?
7
Let q be 150/(-45)*((-24)/(-10))/2. Let o(y) = y**2 + 2*y. Let l be o(q). Suppose -l*h + 9 = -15. Calculate the remainder when 9 is d